is the units digit of 182673?
3
What is the thousands digit of 1212549?
2
What is the tens digit of 54340?
4
What is the ten thousands digit of 25134833?
3
What is the units digit of 259530?
0
What is the hundreds digit of 39933431?
4
What is the units digit of 106078?
8
What is the hundred thousands digit of 982879?
9
What is the hundred thousands digit of 1369005?
3
What is the ten thousands digit of 341440?
4
What is the ten thousands digit of 155557?
5
What is the ten thousands digit of 563370?
6
What is the millions digit of 22813712?
2
What is the thousands digit of 1343929?
3
What is the thousands digit of 2488719?
8
What is the units digit of 5142323?
3
What is the tens digit of 24717334?
3
What is the ten millions digit of 20573169?
2
What is the ten thousands digit of 991017?
9
What is the hundreds digit of 2846905?
9
What is the thousands digit of 723711?
3
What is the units digit of 94861?
1
What is the hundreds digit of 249310?
3
What is the thousands digit of 1318144?
8
What is the tens digit of 786371?
7
What is the units digit of 2952926?
6
What is the hundred thousands digit of 7085717?
0
What is the ten thousands digit of 1062033?
6
What is the thousands digit of 1165007?
5
What is the hundreds digit of 1658642?
6
What is the hundred thousands digit of 3237386?
2
What is the units digit of 33594021?
1
What is the millions digit of 1407112?
1
What is the hundred thousands digit of 20754984?
7
What is the units digit of 32228995?
5
What is the thousands digit of 252498?
2
What is the units digit of 343649?
9
What is the ten thousands digit of 1384984?
8
What is the hundreds digit of 5044302?
3
What is the hundreds digit of 758271?
2
What is the thousands digit of 2142141?
2
What is the tens digit of 3111579?
7
What is the ten thousands digit of 10961482?
6
What is the hundred thousands digit of 8690998?
6
What is the units digit of 4877423?
3
What is the ten thousands digit of 667880?
6
What is the thousands digit of 3368791?
8
What is the hundred thousands digit of 4919045?
9
What is the hundred thousands digit of 1730440?
7
What is the ten thousands digit of 2567810?
6
What is the hundred thousands digit of 175264?
1
What is the hundred thousands digit of 5315939?
3
What is the hundred thousands digit of 30164573?
1
What is the units digit of 4154575?
5
What is the thousands digit of 232035?
2
What is the hundreds digit of 158038?
0
What is the thousands digit of 220313?
0
What is the tens digit of 512766?
6
What is the units digit of 28362?
2
What is the ten millions digit of 22667803?
2
What is the tens digit of 1687144?
4
What is the tens digit of 374759?
5
What is the ten millions digit of 21239830?
2
What is the tens digit of 69007?
0
What is the hundred thousands digit of 5120674?
1
What is the ten thousands digit of 1438493?
3
What is the thousands digit of 762392?
2
What is the hundred thousands digit of 484930?
4
What is the hundred thousands digit of 780241?
7
What is the tens digit of 3317707?
0
What is the hundred thousands digit of 126916?
1
What is the hundred thousands digit of 380063?
3
What is the units digit of 5974067?
7
What is the hundreds digit of 25835?
8
What is the hundreds digit of 4190692?
6
What is the thousands digit of 2308818?
8
What is the hundred thousands digit of 304971?
3
What is the thousands digit of 4029546?
9
What is the millions digit of 1607551?
1
What is the units digit of 102030?
0
What is the units digit of 1404053?
3
What is the ten thousands digit of 12490774?
9
What is the ten thousands digit of 476214?
7
What is the hundreds digit of 266284?
2
What is the hundred thousands digit of 118602?
1
What is the units digit of 2990824?
4
What is the ten thousands digit of 3577657?
7
What is the tens digit of 931770?
7
What is the ten thousands digit of 1158260?
5
What is the units digit of 18443300?
0
What is the hundreds digit of 3665133?
1
What is the hundred thousands digit of 123436?
1
What is the hundred thousands digit of 25847134?
8
What is the millions digit of 3357007?
3
What is the units digit of 994646?
6
What is the hundred thousands digit of 489509?
4
What is the thousands digit of 106768?
6
What is the hundred thousands digit of 24937745?
9
What is the units digit of 996360?
0
What is the ten thousands digit of 258159?
5
What is the hundred thousands digit of 532516?
5
What is the thousands digit of 23276945?
6
What is the hundreds digit of 3205435?
4
What is the millions digit of 7470948?
7
What is the tens digit of 760419?
1
What is the units digit of 8659919?
9
What is the hundreds digit of 444308?
3
What is the hundreds digit of 376221?
2
What is the hundred thousands digit of 18009263?
0
What is the hundreds digit of 197156?
1
What is the thousands digit of 12016115?
6
What is the tens digit of 20396627?
2
What is the tens digit of 649138?
3
What is the units digit of 307925?
5
What is the thousands digit of 604635?
4
What is the units digit of 804764?
4
What is the ten thousands digit of 9810929?
1
What is the tens digit of 1271084?
8
What is the hundred thousands digit of 261969?
2
What is the hundred thousands digit of 3207524?
2
What is the tens digit of 701192?
9
What is the thousands digit of 704597?
4
What is the hundreds digit of 302584?
5
What is the ten thousands digit of 2362439?
6
What is the ten thousands digit of 67467?
6
What is the tens digit of 1608714?
1
What is the millions digit of 5892234?
5
What is the ten thousands digit of 1875599?
7
What is the hundred thousands digit of 240012?
2
What is the tens digit of 204320?
2
What is the ten thousands digit of 7913719?
1
What is the ten thousands digit of 131083?
3
What is the units digit of 2734242?
2
What is the tens digit of 755345?
4
What is the ten thousands digit of 2399985?
9
What is the ten thousands digit of 6241648?
4
What is the thousands digit of 2059408?
9
What is the tens digit of 919046?
4
What is the thousands digit of 1587273?
7
What is the millions digit of 17927614?
7
What is the tens digit of 3100222?
2
What is the ten thousands digit of 320981?
2
What is the ten thousands digit of 11057666?
5
What is the units digit of 13677207?
7
What is the ten millions digit of 13281113?
1
What is the tens digit of 15098447?
4
What is the hundreds digit of 5621705?
7
What is the hundreds digit of 31949901?
9
What is the hundreds digit of 1638137?
1
What is the ten thousands digit of 5853817?
5
What is the units digit of 279154?
4
What is the ten thousands digit of 8051229?
5
What is the units digit of 530993?
3
What is the ten thousands digit of 2071418?
7
What is the hundreds digit of 25306?
3
What is the ten thousands digit of 1502291?
0
What is the hundreds digit of 2280355?
3
What is the tens digit of 976025?
2
What is the hundreds digit of 4976029?
0
What is the ten thousands digit of 4457038?
5
What is the ten thousands digit of 1237490?
3
What is the hundred thousands digit of 533519?
5
What is the units digit of 4357311?
1
What is the thousands digit of 12223189?
3
What is the millions digit of 3925862?
3
What is the ten thousands digit of 297209?
9
What is the hundred thousands digit of 101155?
1
What is the hundreds digit of 24073?
0
What is the thousands digit of 105080?
5
What is the units digit of 9329768?
8
What is the ten thousands digit of 244506?
4
What is the hundreds digit of 47051?
0
What is the thousands digit of 6851868?
1
What is the hundred thousands digit of 184783?
1
What is the hundreds digit of 213680?
6
What is the millions digit of 2463811?
2
What is the hundreds digit of 5320034?
0
What is the tens digit of 654000?
0
What is the millions digit of 2056960?
2
What is the thousands digit of 10326304?
6
What is the thousands digit of 158227?
8
What is the hundred thousands digit of 448947?
4
What is the thousands digit of 37036?
7
What is the units digit of 6643335?
5
What is the ten thousands digit of 18079151?
7
What is the thousands digit of 87270?
7
What is the units digit of 201363?
3
What is the hundreds digit of 224794?
7
What is the tens digit of 163907?
0
What is the units digit of 3876936?
6
What is the units digit of 75068?
8
What is the hundred thousands digit of 14899357?
8
What is the units digit of 1550156?
6
What is the tens digit of 118611?
1
What 